+ y + 241 = -239. Let k be w/18 + 2/(-6). Let n = k - -13. What is the remainder when n is divided by 4?
2
Let i = 14 - 19. Let y(z) = 2*z - 2*z - 2*z + 6. Calculate the remainder when 30 is divided by y(i).
14
Suppose -160 = -3*v + p, -2*p = -3*v + 3*p + 176. Let r = 22 - 4. What is the remainder when v is divided by r?
16
Let a = -13 - -49. Suppose 34 + 4 = 2*n. What is the remainder when a is divided by n?
17
Let j = -12 - -14. Suppose -k = -5*x + 2, 5*k - x - j = 12. What is the remainder when k is divided by 1?
0
Suppose d + 3*d + 230 = 5*l, 0 = -4*l - 2*d + 210. Let a = l - 27. Calculate the remainder when a is divided by 13.
10
Let p = -9 + 35. Suppose 0 = 3*y - 4*g - 29, -5*g = 2*y - g - p. What is the remainder when 30 is divided by y?
8
Let x = -39 + 26. Calculate the remainder when 43 is divided by (x + -2)*(-1 - 0).
13
Let n = -390 - -164. Let w = n - -128. Let s = 144 + w. What is the remainder when s is divided by 24?
22
Suppose i - 17 = 3. What is the remainder when 78 is divided by i?
18
Let g(y) = -y**2 + 2*y + 3. Let d be g(3). Suppose 4*v - 2 - 34 = d. Suppose -9 + 3 = -h. What is the remainder when v is divided by h?
3
Let n = -9 + 13. Suppose n*r + 3*s = s + 120, 0 = 2*r - 4*s - 50. What is the remainder when r is divided by 16?
13
Let s be (-1)/(1 - 1 - 1). Suppose -s - 5 = -3*v. Suppose -2*q - 5*z + 0*z + 14 = 0, -5*q + 4*z + v = 0. What is the remainder when 4 is divided by q?
0
Let l = -27 + 36. What is the remainder when l is divided by 7?
2
Let s(w) = -w**3 - 6*w**2 - w - 3. Let g be s(-6). Suppose 3*a = g*p + 93, -144 = -5*a - 4*p - 34. What is the remainder when a is divided by 14?
12
Let u = -2 - -18. Suppose 0 = -3*v + v - 5*h + u, 5*v - 94 = h. What is the remainder when 35 is divided by v?
17
Let i(t) = t**3 + 5*t**2 - 2*t - 7. Let a be i(-5). Let b(p) = -3 + p + 2*p + p + p**a - p**2. What is the remainder when 25 is divided by b(2)?
7
Suppose 5*f + 28 = 3. Let z = f + 15. Calculate the remainder when 18 is divided by z.
8
Let d(m) = -m**3 - 2*m**2 - 3*m - 1. Let g be d(-2). Suppose -g*b - 3*w + 65 = 0, -69 = -4*b - 2*w + 3*w. What is the remainder when b is divided by 9?
7
Suppose -4*k + 7 + 5 = 0. Suppose 2*g - 5*h + 22 = 4*g, k*h = 5*g - 55. Calculate the remainder when 3/(-9) + 291/9 is divided by g.
10
Suppose -o + 5 = 6. Calculate the remainder when 23 is divided by o/4 - 66/(-8).
7
Suppose b - 45 = -2*w, 2*w - 5*b - 17 = 10. What is the remainder when 60 is divided by w?
18
Suppose -4*y + y + 78 = 0. What is the remainder when y is divided by 14?
12
Let k(o) = -5*o**3 - 5*o**2 - 5*o. Let f(t) = t**3 + t. Let d(h) = -4*f(h) - k(h). Let y = 3 - 6. Calculate the remainder when d(y) is divided by 8.
7
Let b(h) = -4*h - 2. Let l be b(1). Calculate the remainder when (l + 4)*126/(-4) is divided by 16.
15
Suppose -20*r = -17*r - 51. Calculate the remainder when 84 is divided by r.
16
Suppose -640 = -6*k - 2*k. What is the remainder when k is divided by 43?
37
Suppose 2*y = -3*y - 3*f + 28, -2*f - 18 = -4*y. What is the remainder when y is divided by 5?
0
Suppose 0 = 5*f + 1 + 44. Let v = 27 + -6. Let g = v + f. What is the remainder when 35 is divided by g?
11
Let l(v) = -8*v - 7. Let j = -12 + 8. What is the remainder when l(j) is divided by 13?
12
Suppose 3*d + 265 = 8*d. Calculate the remainder when d is divided by 27.
26
Let g(m) = -m**2 + 9*m + 5. Suppose 3 = -3*q - 0. Let k be 7 + -3 + q + 3. What is the remainder when g(k) is divided by 8?
7
Suppose -2*o + 6 = -k, -2 = o - 7. Let h be 11 - 6/4*2. Suppose 80 = 5*b + 5*x, h + 51 = k*b + 3*x. What is the remainder when 42 is divided by b?
9
Let q = 3 - -5. Let a = -6 + 23. Suppose -u = 4*d - 5, -2*d = 5*u - a - 8. What is the remainder when q is divided by u?
3
Suppose 5*t = o + 4*o + 130, -o - 88 = -3*t. Calculate the remainder when 59 is divided by t.
28
Let d be 54/4*4/(-3). Calculate the remainder when 45 is divided by d*((-24)/9 - -2).
9
Let n be 10/4 - 12/8. Suppose -5*o = -24 - n. What is the remainder when 19 is divided by o?
4
Let w be 6*1 - (3 + -5). Calculate the remainder when 44 is divided by -10*(-4)/(w/3).
14
Let c(n) = -10*n. What is the remainder when 6/15 - 772/(-20) is divided by c(-1)?
9
Let h(i) = -51*i**3 - i**2 - 2*i - 1. Let k be h(-1). Suppose 3*j - p = -2*j + 55, -3*j - 3*p + k = 0. Calculate the remainder when 34 is divided by j.
10
Let x = -28 + 41. Calculate the remainder when 64 is divided by x.
12
Let r be (-8 - -4)/((-1)/3). Let u = 0 + 6. Calculate the remainder when u is divided by 3/(-1)*(-16)/r.
2
Let c be (-2178)/10 + (-3)/15. Let h(b) = -b**3 - 4*b**2 + 2*b - 2. Calculate the remainder when c/(-6) + (-2)/(-3) is divided by h(-5).
11
Let n(p) = -p + 8. Let f be n(6). Let x be (-2)/4 - f/(-4). Suppose -2*z - 5*h + 98 = 0, x*z - z + 51 = 3*h. What is the remainder when z is divided by 10?
9
Let x = -28 + 50. Let u(w) = -w**2 + 3*w + 2. Let o be u(-2). Let l = o + x. Calculate the remainder when 27 is divided by l.
13
Let q(f) = -f**2 - 11*f + 3. Suppose 2*t + 2*t = 5*v + 133, -4*t = -v - 145. Calculate the remainder when t is divided by q(-10).
11
Suppose -2*x + 3 = -3. Suppose -2*z - x = -z. Calculate the remainder when (-27)/(z - 0) + 1 is divided by 6.
4
Suppose 5*p = 4*t - t + 24, t - 2 = 0. Calculate the remainder when 11 is divided by p.
5
Let c(g) = g - 187 + 363 - 180. Let f(b) = b**3 + 4*b**2 - 4*b - 5. Let a be f(-4). Calculate the remainder when 25 is divided by c(a).
4
Let d = 25 + 12. Let y(k) = -k**3 - 4*k**2 + 5*k - 4. Let r be y(-5). Let p(g) = g**2 - 3. Calculate the remainder when d is divided by p(r).
11
Suppose 6*b = b + 5*n + 70, 12 = b - 3*n. Suppose 132 = 2*j + 5*z + 36, 5*z = 10. Calculate the remainder when j is divided by b.
13
Suppose -k = 4*v - 7, 3*k + 3*v = 4*v + 8. Let g(t) = -t - 1. Let m be g(k). Let n = 17 + m. Calculate the remainder when 24 is divided by n.
11
Suppose -v - 10 = v. Let t(i) = -i**3 - 5*i**2 - 2. Let h be t(v). What is the remainder when 2 - h*(-29)/(-2) is divided by 8?
7
Calculate the remainder when (-46)/(-4) - 20/40 is divided by 3.
2
Let p = 25 - 13. Let t be -85*(6/5)/(-3). Suppose a = 1 + t. Calculate the remainder when a is divided by p.
11
Let i(m) be the first derivative of -1/2*m**2 + 14/3*m**3 + m - 4. Calculate the remainder when i(1) is divided by 4.
2
Let m(i) = 0*i**2 + 16*i + 3 - 20*i + i**2. What is the remainder when 11 is divided by m(4)?
2
Let x be 0 - 1*(-7 - -1). What is the remainder when 3/2 - (-393)/x is divided by 17?
16
Suppose 0 = -3*f - 15, -6*f - 206 = -4*c - 4*f. Let j = c - -9. What is the remainder when j is divided by 15?
13
Let a(c) = 4*c**2 - 2*c + 1. Let t be a(1). Suppose -r + 14 = w, 22 - 66 = -t*r - w. Let d = 15 + r. What is the remainder when d is divided by 16?
14
Let p = -153 - -169. What is the remainder when 32 is divided by p?
0
Let c(z) = z - 11. Let l(u) = -u + 12. Let p(n) = -5*c(n) - 4*l(n). Let v be p(6). Let r = 6 - v. Calculate the remainder when r is divided by 2.
1
Suppose 0 = 7*s - 2*s - 375. Calculate the remainder when s is divided by 19.
18
Let r = 51 - 38. Let c = -190 + 86. Let q = -54 - c. Calculate the remainder when q is divided by r.
11
Suppose 4*b = 23 - 7. Suppose 3*h = 3*w + 3, 3*w + 2*h - 10 = w. Calculate the remainder when b is divided by w.
0
Suppose 4 = -8*n + 4*n. Let k = 20 - n. Calculate the remainder when 61 is divided by k.
19
Let y(f) = 4*f**2 - f + 4. What is the remainder when 34 is divided by y(2)?
16
Suppose 4*p = -0 - 4. Calculate the remainder when 7 is divided by 2*(p + (4 - 2)).
1
Suppose 0 = i + 3*d - 11, -4*i + d + 3*d - 4 = 0. Suppose -4*t - s - 61 = -9*t, -3*t + 23 = -4*s. Calculate the remainder when 3 - i/1 - -49 is divided by t.
11
Suppose 15 = 2*w + 3. Calculate the remainder when (1 - 2)*(-270)/w is divided by 12.
9
Let v = 47 - 44. What is the remainder when v is divided by 2?
1
What is the remainder when 69 is divided by (-3 + 60/(-16))/((-3)/8)?
15
Suppose 9 = 5*p - 71. Let z = -11 + 17. What is the remainder when p is divided by z?
4
Let z = -21 + 23. Suppose -z*i - 5*d = -56, -4*d - 1 = 7. Calculate the remainder when i is divided by 9.
6
Let r(c) = -c**2 - 10*c - 3. Calculate the remainder when 23 is divided by r(-9).
5
Let u = 22 - 0. Suppose 5*p - 60 = -5*q, -2*p